{"id":145,"date":"2020-09-11T11:10:27","date_gmt":"2020-09-11T11:10:27","guid":{"rendered":"https:\/\/www.videogameslegal.pl\/?page_id=145"},"modified":"2020-09-11T11:10:27","modified_gmt":"2020-09-11T11:10:27","slug":"polityka-prywatnosci","status":"publish","type":"page","link":"https:\/\/www.videogameslegal.pl\/?page_id=145","title":{"rendered":"Polityka prywatno\u015bci"},"content":{"rendered":"\n<div class=\"wp-block-group\"><div class=\"wp-block-group__inner-container is-layout-flow\">\n<h4><strong>W\u0142a\u015bciciel bloga i administrator danych<\/strong><\/h4>\n<p>W\u0142a\u015bcicielem bloga videogameslegal.pl (Blog) jest Marcin Balicki kancelaria adwokacka (adres: J\u00f3zefit\u00f3w 11\/8, 30-039 Krak\u00f3w). W\u0142a\u015bciciel bloga jest jednocze\u015bnie administratorem danych osobowych u\u017cytkownik\u00f3w Bloga (Administrator). Kontakt z Administratorem jest mo\u017cliwy za pomoc\u0105 wskazanego wy\u017cej adresu fizycznego, poprzez adres e-mail balicki@videogameslegal.pl lub za pomoc\u0105 formularza kontaktowego dost\u0119pnego na Blogu.<\/p>\n<h4><strong>Dane osobowe oraz ich przetwarzanie<\/strong><\/h4>\n<p>Dane osobowe to wszelkie informacje o osobie fizycznej zidentyfikowanej lub mo\u017cliwej do zidentyfikowania poprzez jeden b\u0105d\u017a kilka szczeg\u00f3lnych czynnik\u00f3w okre\u015blaj\u0105cych fizyczn\u0105, fizjologiczn\u0105, genetyczn\u0105, psychiczn\u0105, ekonomiczn\u0105, kulturow\u0105 lub spo\u0142eczn\u0105 to\u017csamo\u015b\u0107, w tym wizerunek, nagranie g\u0142osu, dane kontaktowe, dane o lokalizacji, informacje zawarte w korespondencji, informacje gromadzone za po\u015brednictwem sprz\u0119tu rejestruj\u0105cego lub innej podobnej technologii (Dane osobowe). Dan\u0105 osobow\u0105 u\u017cytkownika Bloga mo\u017ce by\u0107 np. jego adres e-mail.<\/p>\n<p>Dane osobowe u\u017cytkownik\u00f3w Bloga s\u0105 przetwarzane przez Administratora zgodnie z wymogami prawa, w szczeg\u00f3lno\u015bci zgodnie z og\u00f3lnym rozporz\u0105dzeniem o ochronie danych osobowych (rozporz\u0105dzenie Parlamentu Europejskiego i Rady (UE) 2016\/679 z dnia 27 kwietnia 2016 r. w sprawie ochrony os\u00f3b fizycznych w zwi\u0105zku z przetwarzaniem danych osobowych i w sprawie swobodnego przep\u0142ywu takich danych oraz uchylenia dyrektywy 95\/46\/WE &#8211; RODO). Administrator przetwarza Dane osobowe stosuj\u0105c odpowiednie, techniczne i organizacyjne, \u015brodki bezpiecze\u0144stwa.<\/p>\n<h4><strong>Podstawy i cele przetwarzania danych osobowych u\u017cytkownik\u00f3w<\/strong><\/h4>\n<h5><strong>Formularz kontaktowy<\/strong><\/h5>\n<p>Za pomoc\u0105 formularza kontaktowego na Blogu mo\u017cliwy jest kontakt z Administratorem np. przes\u0142anie pytania do Administratora. Skorzystanie z formularza kontaktowego wymaga podania Danych osobowych niezb\u0119dnych do zidentyfikowania u\u017cytkownika Bloga (autora wiadomo\u015bci) a nast\u0119pnie nawi\u0105zania z nim kontaktu przez Administratora np. udzielenia odpowiedzi na zadane przez u\u017cytkownika pytanie. Podanie danych oznaczonych jako obowi\u0105zkowe jest wymagane w celu przyj\u0119cia i obs\u0142ugi wiadomo\u015bci, a ich niepodanie skutkuje brakiem mo\u017cliwo\u015bci obs\u0142ugi wiadomo\u015bci.<\/p>\n<p>Dane osobowe s\u0105 przetwarzane w celu identyfikacji u\u017cytkownika Bloga oraz obs\u0142ugi wiadomo\u015bci przes\u0142anej przez formularz \u2013 podstaw\u0105 prawn\u0105 przetwarzania jest niezb\u0119dno\u015b\u0107 przetwarzania do wykonania umowy o \u015bwiadczenie us\u0142ugi (art. 6 ust. 1 lit. b RODO).<\/p>\n<h5><strong>Komentarze<\/strong><\/h5>\n<p>U\u017cytkownik Bloga ma mo\u017cliwo\u015b\u0107 zamieszczania komentarzy na Blogu. Skorzystanie z formularza komentarza wymaga podania Danych osobowych niezb\u0119dnych do zidentyfikowania u\u017cytkownika Bloga (autora komentarza) oraz zarz\u0105dzania przez Administratora komentarzami u\u017cytkownika, w tym ich publikowania oraz usuwania.<\/p>\n<p>Dane osobowe s\u0105 przetwarzane w celu identyfikacji u\u017cytkownika Bloga (autora komentarza) oraz obs\u0142ugi komentarza przes\u0142anego przez formularz \u2013 podstaw\u0105 prawn\u0105 przetwarzania jest niezb\u0119dno\u015b\u0107 przetwarzania do wykonania umowy o \u015bwiadczenie us\u0142ugi (art. 6 ust. 1 lit. b RODO).<\/p>\n<h5><strong>Dodatkowe dane podawane przez u\u017cytkownik\u00f3w Bloga<\/strong><\/h5>\n<p>Przekazanie Administratorowi przez u\u017cytkownika Bloga innych danych osobowych ni\u017c wymagane do obs\u0142ugi formularza kontaktowego lub komentarza \u2013 np. w celu u\u0142atwienia kontaktu z u\u017cytkownikiem Bloga &#8211; jest dobrowolne. Przetwarzanie takich danych odbywa si\u0119 po uprzednim wyra\u017ceniu przez u\u017cytkownika Bloga zgody na przetwarzania przez Administratora jego danych osobowych w celu kontaktu z u\u017cytkownikiem Bloga (art. 6 ust. 1 lit. a RODO).<\/p>\n<h4><strong>Prawa u\u017cytkownik\u00f3w Bloga<\/strong><\/h4>\n<p>U\u017cytkownicy, kt\u00f3rych dane s\u0105 przetwarzane przez Administratora mog\u0105, w zakresie i z zastrze\u017ceniem wyj\u0105tk\u00f3w przewidzianych przepisami prawa, w tym RODO, wykonywa\u0107 prawo dost\u0119pu do danych, prawo do sprostowania danych, prawo do usuni\u0119cia danych, prawo do ograniczenia przetwarzania danych, prawo do przenoszenia danych (w przypadku, gdyby by\u0142y one przez Administratora przetwarzane w spos\u00f3b zautomatyzowany, za\u015b podstaw\u0105 przetwarzania jest zgoda lub dane osobowe s\u0105 przetwarzane na podstawie umowy), a tak\u017ce prawo do sprzeciwu i do wniesienia skargi do Prezesa Urz\u0119du Ochrony Danych Osobowych.<\/p>\n<p>U\u017cytkownik mo\u017ce w ka\u017cdym momencie wycofa\u0107 udzielon\u0105 zgod\u0119 na przetwarzanie danych osobowych kontaktuj\u0105c si\u0119 z Administratorem poprzez e-mail balicki@videogameslegal.pl. Po wycofaniu przez u\u017cytkownika zgody jego dane b\u0119d\u0105 przetwarzane jedynie w celu ich usuni\u0119cia. Wycofania zgody nie wp\u0142ywa na zgodno\u015b\u0107 z prawem przetwarzania, kt\u00f3rego dokonano na podstawie zgody przed jej wycofaniem.<\/p>\n<h4><strong>Okres przetwarzania danych osobowych<\/strong><\/h4>\n<p>Administrator przetwarzane Dane osobowe u\u017cytkownik\u00f3w tylko przez okres niezb\u0119dny dla realizacji cel\u00f3w ich przetwarzania.<\/p>\n<h4><strong>Odbiorcy danych osobowych<\/strong><\/h4>\n<p>W zwi\u0105zku z prowadzeniem dzia\u0142alno\u015bci wymagaj\u0105cej przetwarzania danych osobowych, dane osobowe u\u017cytkownik\u00f3w Bloga mog\u0105 by\u0107 ujawniane pracownikom i wsp\u00f3\u0142pracownikom Administratora, a tak\u017ce zewn\u0119trznym podmiotom wspieraj\u0105cym dzia\u0142alno\u015b\u0107 Administratora, w szczeg\u00f3lno\u015bci zapewniaj\u0105cym obs\u0142ug\u0119 informatyczn\u0105, marketingow\u0105 lub ksi\u0119gow\u0105 Administratora. Administrator zastrzega sobie r\u00f3wnie\u017c prawo ujawnienia wybranych informacji dotycz\u0105cych u\u017cytkownik\u00f3w Bloga w\u0142a\u015bciwym organom b\u0105d\u017a osobom trzecim, kt\u00f3re zg\u0142osz\u0105 \u017c\u0105danie udzielenia takich informacji, opieraj\u0105c si\u0119 na odpowiedniej podstawie prawnej oraz zgodnie z przepisami obowi\u0105zuj\u0105cego prawa.<\/p>\n<h4><strong>Informacja dotycz\u0105ca plik\u00f3w cookies<\/strong><\/h4>\n<p>W zwi\u0105zku funkcjonowaniem Bloga automatycznie przetwarzane s\u0105 informacje zawarte w tzw. plikach cookies. Pliki cookies (tzw. \u201eciasteczka\u201d) stanowi\u0105 dane informatyczne, w szczeg\u00f3lno\u015bci pliki tekstowe, kt\u00f3re przechowywane s\u0105 w urz\u0105dzeniu ko\u0144cowym u\u017cytkownika Bloga i przeznaczone s\u0105 do korzystania z Bloga. Pliki cookies zazwyczaj zawieraj\u0105 nazw\u0119 domeny, z kt\u00f3rej pochodz\u0105, czas przechowywania ich na urz\u0105dzeniu ko\u0144cowym u\u017cytkownika oraz typ przegl\u0105darki i systemu operacyjnego.<\/p>\n<p>Podmiotem zamieszczaj\u0105cym pliki cookies na urz\u0105dzeniu ko\u0144cowym u\u017cytkownika Bloga oraz uzyskuj\u0105cym do nich dost\u0119p jest Administrator &#8211; Marcin Balicki kancelaria adwokacka, J\u00f3zefit\u00f3w 11\/8, 30-039 Krak\u00f3w.<\/p>\n<p>W ramach Bloga stosowane s\u0105 nast\u0119puj\u0105ce rodzaje plik\u00f3w cookies:<\/p>\n<ul>\n<li>wydajno\u015bciowe cookies \u2013 umo\u017cliwiaj\u0105ce zbieranie informacji o tym, w jaki spos\u00f3b u\u017cytkownicy korzystaj\u0105 z Bloga;<\/li>\n<li>funkcjonalne pliki cookies \u2013 rejestruj\u0105ce wybory dokonywane przez u\u017cytkownik\u00f3w Bloga (takie jak j\u0119zyk lub region, w kt\u00f3rym u\u017cytkowni Bloga przebywa). Pliki te mog\u0105 by\u0107 r\u00f3wnie\u017c wykorzystywane do zapami\u0119tywania zmian, kt\u00f3rych dokona\u0142 u\u017cytkownik, np. zmian rozmiaru i czcionki tekstu i innych cz\u0119\u015bci Bloga, kt\u00f3re mo\u017cna edytowa\u0107;<\/li>\n<li>niezb\u0119dne pliki cookies \u2013 umo\u017cliwiaj\u0105ce korzystanie z us\u0142ug dost\u0119pnych w ramach Bloga.<\/li>\n<\/ul>\n<p>Na Blogu stosowane s\u0105 dwa rodzaje plik\u00f3w cookies: \u201esesyjne\u201d (session cookies) oraz \u201esta\u0142e\u201d (persistent cookies). \u201eSesyjne\u201d pliki s\u0105 plikami tymczasowymi, kt\u00f3re pozostaj\u0105 na urz\u0105dzeniu u\u017cytkownika Bloga, a\u017c do czasu wylogowania, opuszczenia Bloga lub wy\u0142\u0105czenia oprogramowania (przegl\u0105darki internetowej). \u201eSta\u0142e\u201d pliki pozostaj\u0105 na urz\u0105dzeniu u\u017cytkownika Bloga przez czas okre\u015blony w parametrach plik\u00f3w cookies lub do czasu ich usuni\u0119cia przez u\u017cytkownika.<\/p>\n<p>Pliki cookies nie zmieniaj\u0105 konfiguracji urz\u0105dzenia wykorzystywanego przez u\u017cytkownika Bloga, nie s\u0142u\u017c\u0105 do instalowania b\u0105d\u017a deinstalacji jakichkolwiek program\u00f3w komputerowych ani nie ingeruj\u0105 w integralno\u015b\u0107 systemu b\u0105d\u017a danych u\u017cytkownika Bloga.<\/p>\n<p>Zgod\u0119 na przechowywanie lub uzyskiwanie dost\u0119pu do cookies przez Administratora na urz\u0105dzeniu u\u017cytkownika Bloga wyra\u017ca on za pomoc\u0105 ustawie\u0144 oprogramowania (przegl\u0105darki internetowej) zainstalowanego w wykorzystywanym przez niego telekomunikacyjnym urz\u0105dzeniu ko\u0144cowym. Wi\u0119kszo\u015b\u0107 przegl\u0105darek internetowych automatycznie akceptuje pliki cookies. U\u017cytkownik mo\u017ce zrezygnowa\u0107 z cookies lub usun\u0105\u0107 je, wybieraj\u0105c odpowiednie ustawienia w u\u017cywanej przez siebie przegl\u0105darce internetowej. Ograniczenie stosowania plik\u00f3w cookies mo\u017ce jednak wp\u0142yn\u0105\u0107 na niekt\u00f3re funkcjonalno\u015bci dost\u0119pne na Blogu.<\/p>\n<p>Dane zbierane w zwi\u0105zku z korzystaniem u\u017cytkownika z Bloga wykorzystywane s\u0105 w celu zapewnienia prawid\u0142owego dzia\u0142ania Bloga, w celach statystycznych (np. badania popularno\u015bci poszczeg\u00f3lnych post\u00f3w) oraz w celu optymalizacji korzystania z Bloga przez u\u017cytkownik\u00f3w.<\/p>\n<h5><strong>Google Analytics<\/strong><\/h5>\n<p>Administrator korzysta z us\u0142ugi Google Analytics \u2013 sytemu analityki internetowej dostarczanego przez Google Inc. z adresem: 1600 Amphitheatre Parkway, Mountain View, CA 94043, USA. W celu zbierania danych o odwiedzinach i zachowanych u\u017cytkownika w serwisie us\u0142uga Google Analytics zapisuje i odczytuje pliki cookies. Na tej podstawie zbierane s\u0105 anonimowe dane o geograficznej lokalizacji urz\u0105dzenia u\u017cytkownika, dostawcy us\u0142ug dost\u0119pu do sieci, z kt\u00f3rych korzysta u\u017cytkownik Bloga, systemie operacyjnym, przegl\u0105darce, czasie trwania odwiedzin, odwiedzanych stronach i ewentualnych ponownej wizycie w serwisie. Wi\u0119cej informacji na temat zasad, na jakich us\u0142uga ta zbiera i przetwarza dane, mo\u017cna znale\u017a\u0107 w tym miejscu &#8211; https:\/\/www.google.com\/analytics\/.<\/p>\n<h5><strong>Disqus<\/strong><\/h5>\n<p>Administrator korzysta r\u00f3wnie\u017c z wtyczki Disqus zapewniaj\u0105cej system komentarzy do post\u00f3w na Blogu dostarczanego przez Disqus Inc. z adresem: 301 Howard St, Suite 300 San Francisco, CA 94105. Opr\u00f3cz informacji podawanych przez u\u017cytkownika w formularzu Disqus pobiera tak\u017ce adres IP oraz informacje dotycz\u0105ce u\u017cywanej przegl\u0105darki i systemu operacyjnego. Wi\u0119cej informacji na temat zasad, na jakich us\u0142uga ta zbiera i przetwarza dane, mo\u017cna znale\u017a\u0107 w tym miejscu- https:\/\/help.disqus.com\/en\/articles\/1717103-disqus-privacy-policy<\/p>\n<h4><strong>Zakaz zamieszczania tre\u015bci niedozwolonych<\/strong><\/h4>\n<p>Niedozwolone jest zamieszczanie na Blogu, w szczeg\u00f3lno\u015bci w komentarzach tre\u015bci mog\u0105cych stanowi\u0107 naruszenie bezwzgl\u0119dnie obowi\u0105zuj\u0105cych przepis\u00f3w prawa lub dobrych obyczaj\u00f3w, a tak\u017ce tre\u015bci marketingowych, w tym reklam. Administrator zastrzega sobie prawo do usuni\u0119cia takiej tre\u015bci lub uniemo\u017cliwienia do niej dost\u0119pu w razie powzi\u0119cia wiadomo\u015bci o jej zamieszczeniu na Blogu. Administrator o\u015bwiadcza jednocze\u015bnie, i\u017c nie monitoruje tre\u015bci Bloga i nie posiada wiadomo\u015bci o wszystkich publikowanych na nim komentarzach.<\/p>\n<h4><strong>Prawo autorskie<\/strong><\/h4>\n<p>Je\u017celi nie wskazano inaczej, prawa autorskie do tekst\u00f3w publikowanych na Blogu nale\u017c\u0105 do Administratora. Korzystanie z nich przez osoby trzecie mo\u017ce odbywa\u0107 si\u0119 wy\u0142\u0105cznie w granicach dozwolonego u\u017cytku b\u0105d\u017a na zasadach uzgodnionych z Administratorem. Ilustracje u\u017cyte na Blogu s\u0105 wykorzystywane na podstawie licencji udzielanych przez osoby trzecie.<\/p>\n<h4><strong>Wymagania techniczne korzystania z Bloga<\/strong><\/h4>\n<p>Dla korzystania z Bloga konieczne jest dysponowanie urz\u0105dzeniem posiadaj\u0105cym dost\u0119p do sieci Inte<div class=\"fcbkbttn_buttons_block\" id=\"fcbkbttn_left\"><div class=\"fcbkbttn_like \"><fb:like href=\"https:\/\/www.videogameslegal.pl\/?page_id=145\" action=\"like\" colorscheme=\"light\" layout=\"standard\"  width=\"450px\" size=\"small\"><\/fb:like><\/div><div class=\"fb-share-button  \" data-href=\"https:\/\/www.videogameslegal.pl\/?page_id=145\" data-type=\"button_count\" data-size=\"small\"><\/div><\/div>rnet i poprawnie skonfigurowan\u0105 przegl\u0105dark\u0105 internetow\u0105, np. Opera, Google Chrome, Mozilla Firefox, Microsoft Edge.<\/p>\n<h4><strong>Zmiany i aktualizacja Polityki prywatno\u015bci<\/strong><\/h4>\n<p>W zale\u017cno\u015bci od potrzeb Administrator mo\u017ce aktualizowa\u0107 Polityk\u0119 prywatno\u015bci. Zmieniona Polityka prywatno\u015bci zostanie zamieszczona na Blogu.<\/p>\n<p>Ostatnie zmiany: wrzesie\u0144 2020<\/p>\n<\/div><\/div>\n<div class=\"fcbkbttn_buttons_block\" id=\"fcbkbttn_left\"><div class=\"fcbkbttn_like \"><fb:like href=\"https:\/\/www.videogameslegal.pl\/?page_id=145\" action=\"like\" colorscheme=\"light\" layout=\"standard\"  width=\"450px\" size=\"small\"><\/fb:like><\/div><div class=\"fb-share-button  \" data-href=\"https:\/\/www.videogameslegal.pl\/?page_id=145\" data-type=\"button_count\" data-size=\"small\"><\/div><\/div>","protected":false},"excerpt":{"rendered":"<p class=\"post-excerpt\">W\u0142a\u015bciciel bloga i administrator danych W\u0142a\u015bcicielem bloga videogameslegal.pl (Blog) jest Marcin Balicki kancelaria adwokacka (adres: J\u00f3zefit\u00f3w 11\/8, 30-039 Krak\u00f3w). W\u0142a\u015bciciel&#8230;<\/p>\n","protected":false},"author":1,"featured_media":0,"parent":0,"menu_order":0,"comment_status":"closed","ping_status":"closed","template":"","meta":[],"_links":{"self":[{"href":"https:\/\/www.videogameslegal.pl\/index.php?rest_route=\/wp\/v2\/pages\/145"}],"collection":[{"href":"https:\/\/www.videogameslegal.pl\/index.php?rest_route=\/wp\/v2\/pages"}],"about":[{"href":"https:\/\/www.videogameslegal.pl\/index.php?rest_route=\/wp\/v2\/types\/page"}],"author":[{"embeddable":true,"href":"https:\/\/www.videogameslegal.pl\/index.php?rest_route=\/wp\/v2\/users\/1"}],"replies":[{"embeddable":true,"href":"https:\/\/www.videogameslegal.pl\/index.php?rest_route=%2Fwp%2Fv2%2Fcomments&post=145"}],"version-history":[{"count":2,"href":"https:\/\/www.videogameslegal.pl\/index.php?rest_route=\/wp\/v2\/pages\/145\/revisions"}],"predecessor-version":[{"id":147,"href":"https:\/\/www.videogameslegal.pl\/index.php?rest_route=\/wp\/v2\/pages\/145\/revisions\/147"}],"wp:attachment":[{"href":"https:\/\/www.videogameslegal.pl\/index.php?rest_route=%2Fwp%2Fv2%2Fmedia&parent=145"}],"curies":[{"name":"wp","href":"https:\/\/api.w.org\/{rel}","templated":true}]}}